t i(k) = k**2 - 195 - 2*k**2 + 193. Give i(2).
-6
Let q(c) be the first derivative of c**2/2 + 7*c + 1. Let j be q(-5). Let w(i) = -i**2 + 3*i**2 - 2*i**j - 2*i**2. Give w(-1).
-2
Let f(g) = -3*g + 3. Let c(u) = -u**2 + 11*u - 9. Let a be c(8). Let k be (4/6)/(5/a). Give f(k).
-3
Let b(r) = -r - 1. Let p(u) = u + 9. Let j(t) = 2*b(t) + p(t). Calculate j(5).
2
Let p(u) = -u**3 - 2*u**2 + 4*u + 2. Let z be p(-3). Let b(q) = -q**2 + q + 1. Let t(j) = 8*j**2 - 6*j - 6. Let l(k) = -5*b(k) - t(k). Calculate l(z).
-3
Let i(g) = g + 7. Let y(n) = n**2 - 7*n + 8. Let r be y(4). What is i(r)?
3
Suppose 4*b - 3 = -23. Let x(f) = -f**3 - 5*f**2 - 5. Give x(b).
-5
Suppose 0 = -4*t + 31 + 29. Suppose -3*z - t = -0*z. Let g(c) be the second derivative of c**4/12 + 5*c**3/6 - c**2/2 - 3*c. What is g(z)?
-1
Suppose 0*j = 5*j - 15, 4*j - 5 = n. Let x(w) = -w**2 + 6*w - 10. Calculate x(n).
-17
Let q(a) = -7*a - 6. Let o(l) = l + 1. Let k(r) = -5*o(r) - q(r). Suppose -3*p - 8*t + 4*t + 5 = 0, -3*t = -5*p - 11. Calculate k(p).
-1
Let c(v) = -v**2 + 7*v + 10. Let x(o) = 2*o**2 - 7*o - 11. Let q(l) = -3*c(l) - 2*x(l). Calculate q(-6).
-2
Let v(m) = m**3. Let h(d) = d**3 + 6*d**2 - 6*d + 2. Let x be h(-7). Suppose 0 = -s - 1 + 8. Let u = x + s. Give v(u).
8
Let u(h) = h**2 + 2*h + 3. Let p be (-18)/(-4)*(-12)/(-6). Let y = -12 + p. Give u(y).
6
Let k(b) be the first derivative of -6*b + 1/2*b**2 + 4. Give k(0).
-6
Let t be (6/4 + -1)*-4. Let o(h) be the first derivative of h**2/2 + 3*h + 2. Calculate o(t).
1
Let g(i) = -1. Let j(b) = -2 - b - b + b**2 - 1. Let z(m) = -5*g(m) + j(m). Let r = -404 - -408. Determine z(r).
10
Let h(t) = -t**3 + 5*t**2 + 3. Let c = -10 + 22. Let w = c + -7. Give h(w).
3
Suppose 0 = -3*s + 1 + 8. Let l be (-2)/s*(-45)/(-6). Let u = -2 - l. Let q(b) = -b**3 + 4*b**2 - 2*b - 3. What is q(u)?
0
Let n be 42/9 + 2/(-3). Let l(v) = -1 + 2*v + n - 12*v**3 - 2. Let u be -2 + 0 - (-2 + 1). Determine l(u).
11
Suppose -i - 5*q + 39 - 14 = 0, 20 = 5*i + 4*q. Let n(x) = -10 - x + i*x + 2*x + 4. Determine n(5).
-1
Let t(k) = 4*k**2 - 1 + k**3 - 4*k**2 + k. Suppose 0 = 2*w - o, -5*w + w - 5*o + 14 = 0. Calculate t(w).
1
Let q(h) be the third derivative of h**6/180 + h**5/120 - h**4/24 + 2*h**3/3 + 3*h**2. Let p(o) be the first derivative of q(o). What is p(1)?
2
Let s(u) be the third derivative of -u**5/60 + 5*u**4/24 - 2*u**3/3 + 2*u**2. Let b(q) = -7*q + 4. Let c be b(2). Let h be c/35 - (-46)/14. Give s(h).
2
Let b(n) = -26*n + 2 - 21*n + 52*n. Determine b(-4).
-18
Let o(k) be the first derivative of -3*k**2/2 + 3*k - 3. Let n(c) = 12*c - 13. Let r(f) = 2*n(f) + 9*o(f). Determine r(2).
-5
Suppose 3*v - 2 = v. Let c be (-1)/(-2)*(v + -1). Suppose c*p + 3*p - 3 = 0. Let k(u) = 12*u**3 + u - 1. What is k(p)?
12
Let a(r) = r + 6. Let j be a(-5). Let l(v) = -2*v + 2*v + j + 3*v. Suppose -4 = 4*i + 4. Determine l(i).
-5
Let x = -5 + 7. Suppose -a + x = 7. Let n(u) = u**2 + 4*u + 2. Let k(r) = -r**2 - 4*r - 1. Let j(h) = 4*k(h) + 3*n(h). What is j(a)?
-3
Let l(x) = x**2 - 2*x + 2. Let s be (-19 - -20)/((-2)/(-4)). What is l(s)?
2
Let q(l) = -3*l**2 + 6*l + 4*l**2 + 0*l + 5. Let n be 6 + (1 - -1) + -1. Suppose 5*s - k = -4*k - 35, 3*s + n = k. Give q(s).
-3
Let q = 49 + -54. Let m(z) = z**2 - z + 1. Let j(g) = -4*g**2 - 2*g - 4. Let p(l) = -j(l) - 3*m(l). Calculate p(q).
1
Let k(d) be the third derivative of 1/120*d**6 + 3*d**2 + 0*d + 0 + 0*d**3 + 1/10*d**5 + 1/4*d**4. Give k(-4).
8
Let i(o) = -2*o - 9. Let h(n) = -n - 5. Let d(u) = -11*h(u) + 6*i(u). Let w(b) = b**3 + b**2 - 2*b - 2. Let f be w(-2). Calculate d(f).
3
Let a be 94/(-188) - ((-27)/(-2))/3. Let b(s) = -2*s - 7. Determine b(a).
3
Let x(g) = g**3 - 6*g**2 + 5*g + 2. Let s be x(5). Let m(h) = -2*h**3 + 3*h**2 - 3*h + 2. Give m(s).
-8
Let t be ((-32)/(-6))/((-3)/9). Let r = -18 - t. Let x(c) = -c**3 - c**2 - c - 1. Calculate x(r).
5
Let i(f) be the second derivative of f**3/6 - f**2/2 + 4*f. What is i(4)?
3
Let k(a) be the second derivative of a + 1/6*a**3 + 0 + 0*a**2. Calculate k(1).
1
Let u(o) be the third derivative of -o**5/60 + o**4/4 + o**3/3 - 2*o**2. Suppose 2*i - 7 = i. Let q be u(i). Let l(k) = k**3 + 6*k**2 + 6*k + 3. What is l(q)?
-2
Let j(t) = -t - 1 - 7*t**2 - 4*t + 3 - t**3. Suppose -4*g + 3*a - 36 = 0, g + a = -2*g - 14. Let x be j(g). Let d(f) = -2*f - 1. Determine d(x).
7
Let q(j) be the first derivative of -j**4/4 - j**3 - 2*j**2 - 4*j - 8. Give q(-3).
8
Let g(z) = 3*z - 2. Let x be g(2). Suppose 3*q + x*k = k + 18, 0 = -5*q + k + 30. Let r(n) = -n - 3. Give r(q).
-9
Let k(c) be the second derivative of c**6/120 + c**5/15 + c**4/24 + 2*c**3/3 - 3*c**2 + 2*c. Let h(v) be the first derivative of k(v). Determine h(-3).
10
Let z(r) = -r + 1. Let f(c) = -5*c + 6. Let s(w) = f(w) - 6*z(w). Suppose -48 = -0*b + 4*b. Let g be (3/2)/(b/32). What is s(g)?
-4
Let p(r) = 3*r**2 - 8*r + 8. Let b(a) = 7*a**2 - 16*a + 16. Let f(u) = 2*b(u) - 5*p(u). Let g = -11 - -18. What is f(g)?
-1
Let h(n) = n**3 - 4*n**2 - 6*n. Let g(z) = -z**2 - 1. Let s(k) = 2*g(k) + h(k). Calculate s(7).
5
Let o = -38 - -32. Let k(i) = -i + 3. What is k(o)?
9
Let x(l) = l**2. Let h(y) = -6*y**3 - 3*y**2 - y + 1. Let u(v) = -h(v) - 2*x(v). Let d be u(1). Let m(n) = n - 14. Calculate m(d).
-7
Let u = 3 - -3. Let g(y) = y + 1. What is g(u)?
7
Let c(y) = y**3 - 8*y**2 + 4*y + 10. Let q be (182/65)/((-2)/(-5)). What is c(q)?
-11
Let z(m) = -3*m + 2*m**2 + 2*m**2 - m**3 + 2 - m. Let x be 230/(-55) - (-2)/11. Let y = x - -7. Determine z(y).
-1
Let z(n) = n**2 - n + 1. Let h(a) be the first derivative of 2*a**3/3 - a**2/2 + a + 1. Let i(r) = -3*h(r) + 7*z(r). What is i(5)?
9
Let w = -1 + 6. Let g(b) = -4*b**2 + 7*b + 7. Let l(t) = -10*t**2 + 18*t + 18. Let v(s) = 12*g(s) - 5*l(s). Calculate v(w).
14
Let u(j) = 5*j - 1. Let c(r) = 6*r - 1. Let o(t) = -4*c(t) + 5*u(t). What is o(0)?
-1
Let i(o) be the first derivative of o**2 - 2*o - 20. Determine i(4).
6
Let j be -2 - -6 - (-1 + 9). Let g(s) = s + 4. Calculate g(j).
0
Let n be -1 - 0 - (0 + -3). Let s(f) = -2*f + 2 + 3 - n + 0*f. What is s(2)?
-1
Let p(c) = c**2 - 2*c + 4. Suppose -3*d = 3 + 57. Let q = d - -23. Determine p(q).
7
Let a(h) = -2*h**3 - 3*h**2 - h. Let o(u) = -2*u - 30. Let z be o(-14). Determine a(z).
6
Suppose -5*s = -4*d - 42, -4*d + 26 = 2*s - d. Suppose 4*u + s = 6*u. Let p = u + -5. Let o(z) = -z**2 - z - 2. What is o(p)?
-2
Let m(a) = -4*a - 2. Let l be m(-1). Suppose c + 28 = 5*b, -3*c - 3*b = -l*c - 12. Let t(h) = -h + 1. What is t(c)?
4
Let n(c) = -c**2 + 6*c + 3. Suppose 2*s - 23 = -3*x - 2*s, 0 = x - s - 3. Calculate n(x).
8
Suppose 19*y - 18 - 1 = 0. Let u(t) = 29*t**2 + 2*t - 1. What is u(y)?
30
Suppose -17 + 41 = 8*h. Let l(b) = b**2 - 11*b + 9. Let c(d) = d**2 - 12*d + 10. Let x(n) = -6*c(n) + 7*l(n). What is x(h)?
-3
Let r(l) = l**2 - l + 1. Let z(c) = -c**2 + 9*c - 10. Let q be z(8). Give r(q).
7
Let h(v) be the first derivative of -v**2/2 - 2*v - 2. Suppose 4*t - 23 = -y + 2*t, 5*t - 15 = 0. Suppose -3*a = 2*a + 25, c + 3*a = -y. What is h(c)?
0
Suppose 2*c + 3 = -3. Let z(h) = -4*h**2 - 2*h + 3. Let a(d) = -d**2. Let b(k) = c*a(k) + z(k). Calculate b(2).
-5
Let s(i) = 4*i**2 - 4*i - 10. Let u(n) = n + n - 11*n + 9*n**2 - 2*n**2 - 19. Let w(v) = -5*s(v) + 3*u(v). Calculate w(7).
-7
Suppose -4*g = -2*f - 12, -g + 8 = -3*f + 5*f. Let d(v) be the first derivative of 0*v + 1/2*v**f + 1 - 2*v**3. Calculate d(1).
-5
Let z(o) = -o**2 + 3*o - 3. Let u(a) = -a**2 - 5*a + 5. Let b be u(-5). Suppose 2*t + 6 = b*y, -2*y = t - y - 4. Calculate z(t).
-1
Let j(y) = y**3 - 9*y**2 - 10*y - 4. Let n be 2/9 + (-440)/(-45). Let u be j(n). Let l(t) = -t**3 - 3*t**2 + 4*t + 1. Calculate l(u).
1
Let w be (-22)/(-6) + 6/18. Suppose -w*z + 1 = -2*z - o, 0 = -4*z - 2*o + 14. Let i(a) = -2*a - 5*a**2 - a**3 - 2 + 5*a**2 - z - 4*a**2. Give i(-4).
4
Suppose -8 = -7*s - 50. Let t(m) = m**2 + 5*m + 2. What is t(s)?
8
Let j(m) = 2*m**2 + m - 2. Suppose -7*d = -2*d - 15. Suppose -d*h = h + 8. Determine j(h).
4
Let k(n) = n**2 - n - 1. Suppose 2*v = -5 - 1. Let l be 4 + (v - (-1)/1). Determine k(l).
1
Let x(r) = -2*r - 13. Let m be x(-9). Let j = -3 + m. Let q(t) = 3 + 2*t**2 - 2 + 5*t - t**j. Determine q(-5).
1
Let u(r) = 6*r - 12. Let i(b) = 3*b - 6. Let w(d) = -9*i(d) + 